 26, -5*p + 99 = o. What is the remainder when r is divided by p?
17
Let a = 15 - -2. What is the remainder when 50 is divided by a?
16
Let y be ((-24)/16)/((-6)/16). Suppose 21 - y = z. What is the remainder when z is divided by 5?
2
Let k = -13 - -29. Calculate the remainder when 30 is divided by k.
14
Let m = -28 - -19. Let y(t) = -t**3 - 8*t**2 + 7*t - 13. Calculate the remainder when 8 is divided by y(m).
3
Suppose -24 = -4*u - 4*l, -4*l - l + 24 = 3*u. Calculate the remainder when 3 is divided by u.
0
What is the remainder when 49 is divided by 13*3*5/15?
10
Let j(v) = v**2 - 5*v - 2. Let n be j(4). Let g = 9 + n. Calculate the remainder when 7 is divided by g.
1
Let g(c) = -4*c**2 - 4*c + 5. Let i(o) = 3*o**2 + 4*o - 4. Let s(q) = 4*g(q) + 5*i(q). Calculate the remainder when s(2) is divided by 3.
1
Suppose 4*y + 0*y + 4*u = 40, -4*y - u + 40 = 0. Calculate the remainder when 49 is divided by y.
9
Suppose 0 = 8*f - 23*f + 180. What is the remainder when 68 is divided by f?
8
Let q(f) = f + 9. Let j be q(-6). Suppose -j*w + 39 = -4*c + 103, 5*w = -5*c + 115. Calculate the remainder when 75 is divided by c.
18
Let y = 22 - 14. Let w be y/32 - 7/(-4). Suppose -34 = -w*p + r, r = p - 9 - 10. What is the remainder when 28 is divided by p?
13
Let j = 142 - 94. Let n = j - -67. Suppose -5*l + 120 + n = 0. Calculate the remainder when l is divided by 16.
15
Let q = -5 - -5. Suppose -3*g = 4*i + i - 51, -i + 2*g + 5 = q. What is the remainder when 24/1*(-4)/(-6) is divided by i?
7
What is the remainder when (-53)/4*(-3 - 1) is divided by 14?
11
Let j(a) = a**3 - 5*a**2 + 4. Let r be j(3). Let n = r + 3. Let y = n + 39. Calculate the remainder when y is divided by 10.
8
Suppose -28 = -3*g + g. Calculate the remainder when 9 is divided by 0 + (g/2 - 2).
4
Suppose 0 = -3*i + 2*m + 22, 26 = -i + 4*m + 30. Let l be 6*((-4)/6)/(-2). Calculate the remainder when (47 + 1 + -2)/l is divided by i.
7
Calculate the remainder when 1*-33*(4 + -7) is divided by 34.
31
Let l(a) = -3*a + 2*a - 2 + 15. What is the remainder when 50 is divided by l(0)?
11
Let j = 18 + -12. Let i(a) = 5*a**2 - j*a**2 + 1 + 2*a + 6*a**2 + 4*a**2. Calculate the remainder when 14 is divided by i(-1).
6
Let t(d) = 4*d - 6. What is the remainder when t(4) is divided by ((2 + 0)/1)/(4/8)?
2
Suppose -s + 5 = q, -3*q - 5 = -s + 2*q. Suppose -4*g = -2*w + 18, -s*w - g + 16 + 7 = 0. Calculate the remainder when 12 is divided by w.
2
Let u(q) = -2 + q**2 + q - 2*q + 2*q. Calculate the remainder when 9 is divided by u(-3).
1
Let y = -13 - -31. What is the remainder when 47 is divided by y?
11
Let q(z) = z**2 + 3*z + 7. Calculate the remainder when 67 is divided by q(-5).
16
Suppose -3*d + 7*d - 52 = 0. Let m = -43 + 66. What is the remainder when m is divided by d?
10
Let q be (-2)/8 + 125/4. Let g = q + 4. What is the remainder when g is divided by 18?
17
Let m(y) = -16*y - 42. Let o(z) = 30*z**3 - z**2 + 2*z - 1. What is the remainder when m(-10) is divided by o(1)?
28
Let x be (24/(-16))/(6/8). Let k = 24 + -11. Calculate the remainder when k is divided by (x/3)/(4/(-30)).
3
Let f = 11 - 8. Suppose 0 = f*m - 0 - 6. What is the remainder when 5 is divided by m?
1
Suppose -3 = -3*l + 18. Calculate the remainder when 20 is divided by l.
6
Let x be -2 - 1/((-3)/(-12)). Calculate the remainder when 24 is divided by ((-26)/(-3))/(x/(-9)).
11
Suppose 5*d + v = d + 855, -3*v + 1074 = 5*d. What is the remainder when d/6 - 2/4 is divided by 13?
9
Let k = 10 - -14. Calculate the remainder when 69 is divided by k.
21
Let v(i) = -i. Suppose 3*m = 2*r + 17, -5*m + 9 = -2*m. Suppose k = -3*d + 2*k + 7, -5*d + 5*k + 5 = 0. Calculate the remainder when v(r) is divided by d.
1
Let u(q) = 9*q**3 + q**2 - 1. Let s(t) = -t**3 + 5*t**2 - 4*t + 1. Let j be s(4). Calculate the remainder when 17 is divided by u(j).
8
Let u(x) = 6*x - 6. Calculate the remainder when 52 is divided by u(4).
16
Let f = -27 - -28. Calculate the remainder when 3 is divided by f.
0
Let x = -2 + 4. Suppose -93 = -l - x*l. Suppose n + 3*u - 26 = 0, u + 5 = -n + 21. What is the remainder when l is divided by n?
9
Let h(f) be the first derivative of -11*f**2/2 + 3*f + 2. Suppose 0*l = 5*k + 3*l - 48, k = -3*l. Calculate the remainder when h(-4) is divided by k.
11
Suppose 4*f - 6 = f. Suppose -2*d + d = 2*k - 8, f*d = -5*k + 17. Calculate the remainder when 16 is divided by d.
4
Let m(z) = 10*z - 5. Calculate the remainder when m(3) is divided by 17.
8
Let k(o) = o**3 - o**2 + 1. Let g be k(2). Let f be (0 - -3)*g/3. Suppose 5*s - 36 + f = 2*y, 5*y = s + 3. Calculate the remainder when 18 is divided by s.
4
Suppose 5*f + 1 = 21. Let s(t) = t**2 - 3*t + 2. Calculate the remainder when 18/2 + 2/2 is divided by s(f).
4
Suppose 5*i + 110 = 5*p - 95, -2*p - i = -91. Calculate the remainder when p is divided by -2*3/(-6) - -14.
14
Let g(s) = -s**2. Let i(o) = -8*o**2 - 2*o. Let a(x) = 5*g(x) - i(x). What is the remainder when a(2) is divided by 3*4/1 - (-3 + 6)?
7
Let s = 16 + -9. What is the remainder when 7 is divided by s?
0
Suppose -13 = 5*i + 7, 0 = 5*s + i - 1. Suppose -1 = a + 3*d - 0, -2*a - 2 = -4*d. What is the remainder when 9 is divided by 0 + (s - a) + 3?
4
Let g(r) = -r + 38. Calculate the remainder when 126 is divided by g(6).
30
Suppose 0 = -5*m + 78 - 3. Calculate the remainder when m is divided by 6.
3
Suppose -q = -2*z - 19, -q + 5 = z - 2. Calculate the remainder when 54 is divided by q.
10
Let c = -273 + 322. Let b(w) = w**2 - 2*w - 2. What is the remainder when c is divided by b(-3)?
10
Suppose -4*k - i = -13, -4*k - 7*i + 2*i = -33. Suppose 0 = k*a - 31 - 19. What is the remainder when a is divided by 7?
4
Suppose 2*y = -3*y + 5. Calculate the remainder when ((-6)/4)/(y/(-14)) is divided by 11.
10
Suppose -1 = 2*n + h - 0*h, 0 = 5*h + 5. Suppose n*r = -3*r + 120. Calculate the remainder when r is divided by ((-3 - -2) + 2)*14.
12
Let m(j) = j**3 + 8*j**2 + 6*j - 10. Let o be m(-7). Let w(g) = g**3 + 16. What is the remainder when 47*(o + 1 + 3) is divided by w(0)?
15
Let a(w) = -w + 6. Calculate the remainder when ((-9)/6)/((-3)/4) is divided by a(5).
0
Let l = 1 + 9. Let h(i) = 2*i**3 - 3*i**2 + i - 2. What is the remainder when h(3) is divided by l?
8
Let d = 40 + 5. Suppose -3*p - 90 = -4*b, 0*b + 18 = b - 3*p. What is the remainder when d is divided by b?
21
Suppose 2*g - 10 = -c, 2*c - 3*g - 20 = -g. Suppose -7*r = -236 - 44. Let v = 59 - r. What is the remainder when v is divided by c?
9
Let z = 58 - 40. Suppose 0 = -5*h + 236 + 529. Suppose 54 = -2*y + 3*y - 2*j, h = 3*y + 3*j. What is the remainder when y is divided by z?
16
Let i be 1/((-2)/(-4)) + 5. Suppose 2*p - 4*w = p + 26, -4*p + 4*w = -56. Let k = p - i. Calculate the remainder when 7 is divided by k.
1
Let i be 6/4*200/15. Suppose 0 = 4*w - 3*w - i. Let h = w + -10. What is the remainder when h is divided by 4?
2
Let w be 2*(90/(-4))/5. Let h = -5 - w. What is the remainder when h is divided by 3?
1
Suppose -209 - 287 = -8*v. What is the remainder when v is divided by 8?
6
Let w(y) = 2*y + 0*y + 3 - 2. Let g = -24 + 26. Calculate the remainder when w(2) is divided by g.
1
Suppose -k - 3*k + 5*s = -5, 5*k + 3*s = -40. Suppose 0*c - f = 3*c - 5, 5*c - 19 = f. Calculate the remainder when 19 is divided by ((-15)/k)/(c/10).
9
Suppose 5*b - b = -36. Let z = 33 + b. Suppose -k + 3*k - z = 0. What is the remainder when 23 is divided by k?
11
What is the remainder when 39 is divided by ((-28)/(-4) + -3)/((-2)/(-4))?
7
Let k = -3 - -2. Calculate the remainder when (2 + k)*(2 - -41) is divided by 11.
10
Let c(k) = 2*k + 2. Let v(a) = a**2 - 1 + 4*a + 2*a**2 - 2*a**2. Calculate the remainder when c(4) is divided by v(-5).
2
Let q be 61*1 + (-2 - 0). Let u be (9 - 3) + -4 + 23. Suppose -u = 5*g, -4*g = 5*y + 4 - q. What is the remainder when 28 is divided by y?
13
Suppose g + 4*g = 55. Let l be 86/14 + 6/(-42). Calculate the remainder when (-4)/l*(0 + -30) is divided by g.
9
Let f(j) = 69 + 7*j - 4*j**2 - 68 + 3*j**2. What is the remainder when 30 is divided by f(5)?
8
Suppose -f + 119 = 4*z, -4*f - 10 - 7 = -z. Calculate the remainder when z is divided by 15.
14
Let d = 40 + -30. What is the remainder when 29 is divided by d?
9
Suppose 74*q - 77*q = -318. What is t